 factors of v?
2, 3, 17, 349
Suppose -7*x = -3*x + 548. List the prime factors of (4*x)/(-2) - (-31 + 27).
2, 139
Let x = -6 - -118. Let j be (61 - -6) + (-24)/(-4). Let o = x - j. What are the prime factors of o?
3, 13
Let q = 46 - 43. Suppose -n = -q, 3*n - 16 = -a + 52. What are the prime factors of a?
59
Let d(b) = 51*b**3 - 3*b**2 - 2*b + 18. What are the prime factors of d(4)?
2, 1613
Let w(k) = -20*k + 45. Let i(o) = -o + 1. Let j(g) = 4*i(g) - w(g). Let m(b) = 15*b - 40. Let v(z) = -4*j(z) + 5*m(z). List the prime factors of v(8).
2, 13
Let y = 2841 + -1757. What are the prime factors of y?
2, 271
Let i be (16 - 9) + (509 - 0). Let z = i + -50. List the prime factors of z.
2, 233
Let c(j) = -4*j**3 + 5*j**2 - 6*j + 5. Let y be c(4). Let a = -136 - y. List the prime factors of a.
59
Suppose -70 = -8*t + 50. Suppose -t*q = -103 - 7157. What are the prime factors of q?
2, 11
Suppose 48*u = -34*u + 430336. List the prime factors of u.
2, 41
Let g be (-3)/8 + 147/392. Suppose g = -8*j - j + 6363. What are the prime factors of j?
7, 101
Let t be 125/2 - 1/2. Suppose -t = 8*x + 74. Let a = x + 21. List the prime factors of a.
2
Let l(n) = 5*n + 16 - n + 8*n - 3*n. Let a be l(4). Let f = a + -4. List the prime factors of f.
2, 3
Suppose -238 = 34*m + 918. Let s be (-6)/(3/(1*27)). Let f = m - s. What are the prime factors of f?
2, 5
Let v(x) = -3*x**3 - 22*x**2 + 36*x + 6. List the prime factors of v(-18).
2, 3, 1621
Let s be ((-385)/5)/(-1) + 1 + 2. Suppose s*n - 83*n = -552. Suppose 2*h + n = x - 3*h, -5*h = 5*x - 770. What are the prime factors of x?
3, 53
Let s(q) = 38*q**2 - q. Let p be 2*3*14/21. Suppose -5*k + k + p = 0. List the prime factors of s(k).
37
Let d(t) = -4*t - 30. Let k be d(-8). Suppose -3*a + 4*a = 5*q + 2, 3*q - k = -a. Suppose q = -5*r - 0*r + 680. What are the prime factors of r?
2, 17
Let m(l) = 10 + 24*l - 14*l + l**2 - 3*l. Let i = 93 - 104. List the prime factors of m(i).
2, 3
Let f(a) = -418*a**2 - a - 2. Let q = 43 - 44. Let l be f(q). Let k = l - -611. List the prime factors of k.
2, 3
Let r be (-38)/(-7) - (9 - 240/28). Suppose -r*u + j + 4*j = -8875, -3*u - 3*j = -5331. What are the prime factors of u?
2, 3, 37
Suppose 0 = 5*u + 7*u + 2820. Let v = u - -554. List the prime factors of v.
11, 29
Let k = 7366 + 9167. What are the prime factors of k?
3, 11, 167
Let j = -129 + 210. Let n = -6 + j. List the prime factors of n.
3, 5
Let d(q) = 191*q - 4. Let i(h) = 9*h - 20. Let l be i(4). Let n be ((-1)/(-2))/(8/l). List the prime factors of d(n).
11, 17
Suppose -84255 = -52*d + 11*d. Let j = d + -1181. What are the prime factors of j?
2, 19, 23
Let l(y) be the third derivative of y**4/24 + 5*y**3/6 + 5*y**2. Let j be l(-2). List the prime factors of 58 + (j - (5 + -2)).
2, 29
Suppose 28*g + 1890524 + 637788 = 162*g. List the prime factors of g.
2, 53, 89
Let m(u) = -8*u - 15. Let p be m(-7). Suppose -3*r = -14 + p. What are the prime factors of 8/((((-36)/(-8))/r)/(-8))?
2
Let s = -8 - -261. Let f = s + -48. Let o = -99 + f. List the prime factors of o.
2, 53
List the prime factors of -15 + -9 + 6297 - 3.
2, 3, 5, 11, 19
Let g(x) = x**3 - 15*x**2 + x + 11. Let y be g(15). Let z = 214 - y. Suppose 7*m = 671 - z. List the prime factors of m.
3, 23
Let a = -152 - -170. Let u(r) = r**2 - 13*r - 55. What are the prime factors of u(a)?
5, 7
Suppose -3*w + 3*g = -15, 0 = -4*w + 3*g + 5 + 13. Suppose 25 = 4*u - w*c, -3*u = -4*u - c + 8. What are the prime factors of (-95)/(-3) + (95/15 - u)?
31
Suppose -22*q - 66 = -11*q. What are the prime factors of q*((-1 - 4) + (-495)/6)?
3, 5, 7
Suppose 45 = -39*b + 240. Suppose 0 = h + b*m - 956, m + 962 = h + 4*m. What are the prime factors of h?
971
Let l = -15 - -17. Suppose 548 = l*h - 4*h. Let k = h + 525. List the prime factors of k.
251
Suppose -5*r - 149 = -164. Suppose -q + 342 = m, -q = -3*m - r*q + 1027. What are the prime factors of m?
7
Let z(g) = -g**2 + 7*g + 27. Let p be z(9). Suppose -5*b + 168 = -p*b. What are the prime factors of (-5)/((-32)/(-56) + 26/b)?
3, 5, 7
Let f be (44/(-18))/(-11) - (-34)/9. Suppose -s = -f*s + 2862. List the prime factors of s.
2, 3, 53
Suppose 5*y - 4*u = 26, -6*y + 2*y + 4 = u. Suppose -4*l = y*v - 1636 - 1036, 5*l - 5350 = -4*v. What are the prime factors of v*(-6)/(-84) - 2/(-7)?
2, 3
Suppose -172088 = -22037*l + 22033*l. List the prime factors of l.
2, 7, 439
Let l = 9 + 111. Suppose 0 = 3*v + 6 - l. Suppose -4*s = -2 - v. What are the prime factors of s?
2, 5
Suppose -5*l + 6098 + 120534 = y, -4*l + 101305 = y. List the prime factors of l.
19, 31, 43
Let b = -273 + 272. Let s(c) = -477*c**3 + 25*c + 25. List the prime factors of s(b).
3, 53
Let c(v) = -5*v - 79 - 213*v**2 + 36 + 37. Let h be c(-2). What are the prime factors of 3/(-9) - (h/6)/1?
3, 47
Let g be (32/6)/((-26)/(-1599)). Let c = -129 + g. Let s = c + -100. List the prime factors of s.
3, 11
What are the prime factors of (-91220)/(-12)*48/80?
4561
Suppose 3*n - 3109 = -4*h + 42150, -2*h = 5*n - 75427. List the prime factors of n.
5, 7, 431
Let z be 1 + (-5)/(-10)*-2. Suppose -3*q + 1 = 5*s - z, -4*s + 17 = -3*q. Suppose -3*n = -56 + s. What are the prime factors of n?
2, 3
Suppose 204*y + 753623 = 2403167. List the prime factors of y.
2, 13, 311
Let z = 2791 - -5597. What are the prime factors of z?
2, 3, 233
Let i(j) = j**2 - 4*j + 12. Let m be i(3). Let s(h) = h**2 - 72 - m*h + 12*h + 13*h. List the prime factors of s(-26).
2, 47
Let s(t) = 2*t**3 - t**2 + t - 11. Let j be s(7). Let p = j - 119. What are the prime factors of p?
2, 257
Suppose -4*x - 124 = 2*m, 0*x - 3*m = 4*x + 126. Let z(r) = 16*r - 125. Let s be z(11). Let q = x + s. What are the prime factors of q?
3, 7
Suppose 5*n = -5*p, -5*n + 4*p = -16 - 11. Suppose 0 = b + 4*b + 15, 4*b + n = -s. What are the prime factors of -5*(-588)/s*(-3)/(-10)?
2, 7
Suppose 931874 = 1453*y - 1415*y. List the prime factors of y.
137, 179
Suppose m = 2*q + 6, 16 = -3*m + 7*m - 4*q. Suppose -5*z + 5*i = -740, 2*z + 3*z - m*i - 728 = 0. What are the prime factors of z?
2, 3
Let y(f) = f**3 + 45*f**2 + 56*f + 46. What are the prime factors of y(-31)?
2, 17, 173
Let h = 20 + -30. Let i be (-15)/(-30) - h/4. Suppose g - i*z + 516 = 4*g, 4*g = -5*z + 684. What are the prime factors of g?
2, 11
Suppose 258 = -576*h + 579*h. Suppose 0 = -4*y + 5*u - 2*u + 380, y = 3*u + h. What are the prime factors of y?
2, 7
Let n = -193 + 328. Let z = -87 + n. Let d = 77 - z. What are the prime factors of d?
29
Let g(v) = 14*v - v**3 - 53*v**2 + 61 + 71*v**2 - 9*v. What are the prime factors of g(12)?
5, 197
Let s(t) = -t**3 + 18*t**2 - 15*t - 19. Let o be s(17). Let q be 5/o*0*2/(-4). Suppose -4*z - 15 - 5 = q, 5*i - 4*z = 245. What are the prime factors of i?
3, 5
Suppose x - 17 = f, 2*f - f = 3. Suppose 9*w - x*w = -10*w. Suppose 5*s + w*s = -3*h + 125, 50 = 2*s - 4*h. List the prime factors of s.
5
Let f be -2 - -2*(-1 - 3). Let a = f - -15. Suppose -5*i + 885 = 5*y, -a*i = 5*y - i - 888. List the prime factors of y.
2, 3, 5
List the prime factors of (1 + 63684/20)/(100/250).
7963
Suppose 5*c + 5*k - 15 = 8*k, 20 = -4*k. Suppose 15*x - 1292 - 17788 = c. List the prime factors of x.
2, 3, 53
Let m(p) = 17*p**2 + 8*p - 5. Let h be m(3). Let t = h + -65. Let i = 26 + t. What are the prime factors of i?
7, 19
Let n be 2 + (-1 - 2) - 360/(-9). Suppose 0 = 3*v - 108 - n. What are the prime factors of v?
7
Suppose 4*b - 11*b + 8484 = 0. Suppose -23*i + b = -19*i. List the prime factors of i.
3, 101
Let k(b) = -2 - 4*b + b**2 + 0*b**2 + 4*b + 4*b. Let o be k(-2). Let f(a) = -21*a - 34. What are the prime factors of f(o)?
2, 23
Let a(w) = -2*w**3 + 56*w**2 + 29*w - 118. Let q be a(28). Let i = q + 877. List the prime factors of i.
1571
Suppose 4453*z - 4447*z - 132438 = 0. List the prime factors of z.
22073
Suppose 38*f = 42*f - 280. Let k = -226 + f. List the prime factors of 3/(k/(-8)) + (-2050)/(-26).
79
Suppose -78*c + 179817 = -16009 - 254858. What are the prime factors of c?
2, 3, 107
Let x be 4 + 72/(-68) + 22/374. Let s(z) be the first derivative of 8*z**3/3 - 2*z**2 - z + 1. What are the prime factors of s(x)?
59
Let n = -144 + 516. Let l = 171 + n. What are the prime factors of l?
3, 181
Let g(k) = -k**3 + 2*k**2 + 5*k - 4. Let f be g(3